{"id":7731,"date":"2025-06-16T13:51:52","date_gmt":"2025-06-16T16:51:52","guid":{"rendered":"https:\/\/conssanpaolo.esteri.it\/?page_id=7731"},"modified":"2025-07-24T16:06:23","modified_gmt":"2025-07-24T19:06:23","slug":"circoscrizione-geografica-di-competenza-dellagenzia-consolare-di-sao-jose-do-rio-preto","status":"publish","type":"page","link":"https:\/\/conssanpaolo.esteri.it\/it\/chi-siamo\/la-rete-consolare\/circoscrizione-geografica-di-competenza-dellagenzia-consolare-di-sao-jose-do-rio-preto\/","title":{"rendered":"Circoscrizione geografica di competenza dell&#8217;agenzia consolare di S\u00e3o Jos\u00e9 do Rio Preto"},"content":{"rendered":"<p>di seguito la circoscrizione geografica di competenza dell&#8217;agenzia consolare di <strong>S\u00e3o Jos\u00e9 do Rio Preto<\/strong>, che comprende le regioni amministrative di S\u00e3o Jos\u00e9 do Rio Preto, Ara\u00e7atuba e Presidente Prudente.<img loading=\"lazy\" decoding=\"async\" class=\"aligncenter size-large wp-image-7737 img-fluid\" src=\"https:\/\/conssanpaolo.esteri.it\/wp-content\/uploads\/2025\/06\/Sao-Jose-do-Rio-Preto-1024x988.jpg\" alt=\"\" width=\"640\" height=\"618\" srcset=\"https:\/\/conssanpaolo.esteri.it\/wp-content\/uploads\/2025\/06\/Sao-Jose-do-Rio-Preto-1024x988.jpg 1024w, https:\/\/conssanpaolo.esteri.it\/wp-content\/uploads\/2025\/06\/Sao-Jose-do-Rio-Preto-300x289.jpg 300w, https:\/\/conssanpaolo.esteri.it\/wp-content\/uploads\/2025\/06\/Sao-Jose-do-Rio-Preto-768x741.jpg 768w, https:\/\/conssanpaolo.esteri.it\/wp-content\/uploads\/2025\/06\/Sao-Jose-do-Rio-Preto.jpg 1920w\" sizes=\"auto, (max-width: 640px) 100vw, 640px\" \/><b>\u00a0<\/b><\/p>\n","protected":false},"excerpt":{"rendered":"di seguito la circoscrizione geografica di competenza dell&#8217;agenzia consolare di S\u00e3o Jos\u00e9 do Rio Preto, che comprende le regioni amministrative di S\u00e3o Jos\u00e9 do Rio Preto, Ara\u00e7atuba e Presidente Prudente.\u00a0","protected":false},"author":6,"featured_media":0,"parent":69,"menu_order":0,"comment_status":"closed","ping_status":"closed","template":"","meta":{"footnotes":""},"class_list":["post-7731","page","type-page","status-publish","hentry"],"_links":{"self":[{"href":"https:\/\/conssanpaolo.esteri.it\/it\/wp-json\/wp\/v2\/pages\/7731","targetHints":{"allow":["GET"]}}],"collection":[{"href":"https:\/\/conssanpaolo.esteri.it\/it\/wp-json\/wp\/v2\/pages"}],"about":[{"href":"https:\/\/conssanpaolo.esteri.it\/it\/wp-json\/wp\/v2\/types\/page"}],"author":[{"embeddable":true,"href":"https:\/\/conssanpaolo.esteri.it\/it\/wp-json\/wp\/v2\/users\/6"}],"replies":[{"embeddable":true,"href":"https:\/\/conssanpaolo.esteri.it\/it\/wp-json\/wp\/v2\/comments?post=7731"}],"version-history":[{"count":3,"href":"https:\/\/conssanpaolo.esteri.it\/it\/wp-json\/wp\/v2\/pages\/7731\/revisions"}],"predecessor-version":[{"id":8416,"href":"https:\/\/conssanpaolo.esteri.it\/it\/wp-json\/wp\/v2\/pages\/7731\/revisions\/8416"}],"up":[{"embeddable":true,"href":"https:\/\/conssanpaolo.esteri.it\/it\/wp-json\/wp\/v2\/pages\/69"}],"wp:attachment":[{"href":"https:\/\/conssanpaolo.esteri.it\/it\/wp-json\/wp\/v2\/media?parent=7731"}],"curies":[{"name":"wp","href":"https:\/\/api.w.org\/{rel}","templated":true}]}}

Circoscrizione geografica di competenza dell&#8217;agenzia consolare di São José do Rio Preto

<p>di seguito la circoscrizione geografica di competenza dell&#8217;agenzia consolare di <strong>São José do Rio Preto</strong>, che comprende le regioni amministrative di São José do Rio Preto, Araçatuba e Presidente Prudente.<img loading="lazy" decoding="async" class="aligncenter size-large wp-image-7737 img-fluid" src="https://conssanpaolo.esteri.it/wp-content/uploads/2025/06/Sao-Jose-do-Rio-Preto-1024x988.jpg" alt="" width="640" height="618" srcset="https://conssanpaolo.esteri.it/wp-content/uploads/2025/06/Sao-Jose-do-Rio-Preto-1024x988.jpg 1024w, https://conssanpaolo.esteri.it/wp-content/uploads/2025/06/Sao-Jose-do-Rio-Preto-300x289.jpg 300w, https://conssanpaolo.esteri.it/wp-content/uploads/2025/06/Sao-Jose-do-Rio-Preto-768x741.jpg 768w, https://conssanpaolo.esteri.it/wp-content/uploads/2025/06/Sao-Jose-do-Rio-Preto.jpg 1920w" sizes="auto, (max-width: 640px) 100vw, 640px" /><b> </b></p>

di seguito la circoscrizione geografica di competenza dell&#8217;agenzia consolare di São José do Rio Preto, che comprende le regioni amministrative di São José do Rio Preto, Araçatuba e Presidente Prudente.
